prime factors of 7442.
2, 61
List the prime factors of 2309.
2309
List the prime factors of 6136.
2, 13, 59
List the prime factors of 59.
59
List the prime factors of 31749.
3, 19, 557
List the prime factors of 2287.
2287
List the prime factors of 705.
3, 5, 47
What are the prime factors of 4029?
3, 17, 79
What are the prime factors of 2306?
2, 1153
List the prime factors of 207104.
2, 809
List the prime factors of 46005.
3, 5, 3067
List the prime factors of 1059.
3, 353
What are the prime factors of 738?
2, 3, 41
What are the prime factors of 124?
2, 31
List the prime factors of 3508.
2, 877
What are the prime factors of 1767?
3, 19, 31
What are the prime factors of 1440?
2, 3, 5
List the prime factors of 6062.
2, 7, 433
What are the prime factors of 1875?
3, 5
List the prime factors of 7306.
2, 13, 281
What are the prime factors of 2586?
2, 3, 431
List the prime factors of 14319.
3, 37, 43
List the prime factors of 2723.
7, 389
List the prime factors of 73300.
2, 5, 733
What are the prime factors of 7570?
2, 5, 757
List the prime factors of 18463.
37, 499
List the prime factors of 21026.
2, 10513
What are the prime factors of 635?
5, 127
List the prime factors of 20287.
20287
What are the prime factors of 56554?
2, 28277
List the prime factors of 590.
2, 5, 59
List the prime factors of 84084.
2, 3, 7, 11, 13
What are the prime factors of 36800?
2, 5, 23
List the prime factors of 552.
2, 3, 23
What are the prime factors of 3027?
3, 1009
List the prime factors of 37693.
37693
List the prime factors of 288.
2, 3
What are the prime factors of 2387?
7, 11, 31
List the prime factors of 15662.
2, 41, 191
List the prime factors of 26927.
26927
List the prime factors of 2660.
2, 5, 7, 19
List the prime factors of 32631.
3, 73, 149
List the prime factors of 2683.
2683
List the prime factors of 5010.
2, 3, 5, 167
What are the prime factors of 115798?
2, 57899
What are the prime factors of 3689?
7, 17, 31
List the prime factors of 1615.
5, 17, 19
List the prime factors of 43.
43
What are the prime factors of 3185?
5, 7, 13
List the prime factors of 8483.
17, 499
What are the prime factors of 136634?
2, 53, 1289
What are the prime factors of 295?
5, 59
What are the prime factors of 11378?
2, 5689
List the prime factors of 7655.
5, 1531
List the prime factors of 208.
2, 13
What are the prime factors of 192?
2, 3
What are the prime factors of 3824?
2, 239
List the prime factors of 77868.
2, 3, 7, 103
List the prime factors of 8254.
2, 4127
List the prime factors of 86464.
2, 7, 193
What are the prime factors of 121175?
5, 37, 131
What are the prime factors of 3344?
2, 11, 19
List the prime factors of 69559.
7, 19, 523
What are the prime factors of 18919?
18919
List the prime factors of 40877.
41, 997
List the prime factors of 8213.
43, 191
List the prime factors of 3057.
3, 1019
List the prime factors of 105.
3, 5, 7
List the prime factors of 1024.
2
What are the prime factors of 2786?
2, 7, 199
What are the prime factors of 2048?
2
What are the prime factors of 2412?
2, 3, 67
What are the prime factors of 12271?
7, 1753
What are the prime factors of 22406?
2, 17, 659
What are the prime factors of 193475?
5, 71, 109
List the prime factors of 12440.
2, 5, 311
What are the prime factors of 3833?
3833
What are the prime factors of 999?
3, 37
What are the prime factors of 13107?
3, 17, 257
What are the prime factors of 12184?
2, 1523
What are the prime factors of 850?
2, 5, 17
What are the prime factors of 4999?
4999
List the prime factors of 12483.
3, 19, 73
What are the prime factors of 17401?
17401
List the prime factors of 58.
2, 29
List the prime factors of 37600.
2, 5, 47
List the prime factors of 5508.
2, 3, 17
List the prime factors of 2269.
2269
What are the prime factors of 4443?
3, 1481
What are the prime factors of 625?
5
List the prime factors of 14910.
2, 3, 5, 7, 71
What are the prime factors of 12528?
2, 3, 29
What are the prime factors of 8494?
2, 31, 137
What are the prime factors of 11426?
2, 29, 197
What are the prime factors of 47565?
3, 5, 7, 151
List the prime factors of 2093.
7, 13, 23
List the prime factors of 8262.
2, 3, 17
List the prime factors of 1829.
31, 59
List the prime factors of 132549.
3, 17, 23, 113
List the prime factors of 3934.
2, 7, 281
What are the prime factors of 7360?
2, 5, 23
List the prime factors of 1003.
17, 59
What are the prime factors of 9212?
2, 7, 47
List the prime factors of 101847.
3, 17, 1997
What are the prime factors of 2984?
2, 373
What are the prime factors of 1792?
2, 7
What are the prime factors of 62405?
5, 7, 1783
List the prime factors of 3050.
2, 5, 61
What are the prime factors of 19183?
19183
What are the prime factors of 5337?
3, 593
What are the prime factors of 8074?
2, 11, 367
What are the prime factors of 73905?
3, 5, 13, 379
What are the prime factors of 7580?
2, 5, 379
What are the prime factors of 34822?
2, 23, 757
List the prime factors of 1388.
2, 347
List the prime factors of 9051.
3, 7, 431
What are the prime factors of 430?
2, 5, 43
What are the prime factors of 35440?
2, 5, 443
What are the prime factors of 119047?
119047
List the prime factors of 17391.
3, 11, 17, 31
What are the prime factors of 870?
2, 3, 5, 29
List the prime factors of 6287.
6287
What are the prime factors of 243?
3
What are the prime factors of 1345?
5, 269
What are the prime factors of 11524?
2, 43, 67
List the prime factors of 19636.
2, 4909
List the prime factors of 52405.
5, 47, 223
What are the prime factors of 25802?
2, 7, 19, 97
List the prime factors of 960.
2, 3, 5
What are the prime factors of 647?
647
List the prime factors of 18579.
3, 11, 563
List the prime factors of 11597.
11597
What are the prime factors of 6565?
5, 13, 101
What are the prime factors of 1503?
3, 167
What are the prime factors of 3049?
3049
What are the prime factors of 34255?
5, 13, 17, 31
What are the prime factors of 105656?
2, 47, 281
List the prime factors of 2697.
3, 29, 31
What are the prime factors of 4557?
3, 7, 31
What are the prime factors of 528?
2, 3, 11
What are the prime factors of 6104?
2, 7, 109
What are the prime factors of 56740?
2, 5, 2837
List the prime factors of 2817.
3, 313
List the prime factors of 3457.
3457
List the prime factors of 3533.
3533
What are the prime factors of 4010?
2, 5, 401
List the prime factors of 3956.
2, 23, 43
What are the prime factors of 631?
631
What are the prime factors of 4133?
4133
List the prime factors of 2700.
2, 3, 5
List the prime factors of 474.
2, 3, 79
What are the prime factors of 4829?
11, 439
List the prime factors of 39297.
3, 13099
List the prime factors of 2424.
2, 3, 101
What are the prime factors of 599?
599
List the prime factors of 72836.
2, 131, 139
List the prime factors of 5.
5
What are the prime factors of 587?
587
List the prime factors of 1715.
5, 7
What are the prime factors of 30947?
7, 4421
What are the prime factors of 7374?
2, 3, 1229
What are the prime factors of 6667?
59, 113
What are the prime factors of 205?
5, 41
What are the prime factors of 4004?
2, 7, 11, 13
List the prime factors of 1851.
3, 617
List the prime factors of 5533.
11, 503
What are the prime factors of 728?
2, 7, 13
List the prime factors of 756.
2, 3, 7
What are the prime factors of 1258?
2, 17, 37
What are the prime factors of 91165?
5, 18233
What are the prime factors of 3693?
3, 1231
List the prime factors of 900.
2, 3, 5
List the prime factors of 5059.
5059
List the prime factors of 1164.
2, 3, 97
List the prime factors of 980.
2, 5, 7
What are the prime factors of 1497?
3, 499
List the prime factors of 9558.
2, 3, 59
What are the prime factors of 371?
7, 53
What are the prime factors of 2457?
3, 7, 13
What are the prime factors of 3785?
5, 757
What are the prime factors of 26235?
3, 5, 11, 53
What are the prime factors of 72115?
5, 14423
List the prime factors of 1198.
2, 599
What are the prime factors of 47?
47
What are the prime factors of 583?
11, 53
What are the prime factors of 35763?
3, 7, 13, 131
What are the prime factors of 3772?
2, 23, 41
What are the prime factors of 11134?
2, 19, 293
List the prime factors of 410.
2, 5, 41
List the prime factors of 2367.
3, 263
What are the prime factors of 4065?
3, 5, 271
What are the prime factors of 12843?
3, 1427
